{"id":158,"date":"2013-08-13T18:35:16","date_gmt":"2013-08-13T16:35:16","guid":{"rendered":"http:\/\/crociere.evolutiontravel.it\/infovacanze\/?page_id=158"},"modified":"2014-01-06T16:43:25","modified_gmt":"2014-01-06T15:43:25","slug":"argentina","status":"publish","type":"page","link":"https:\/\/crociere.evolutiontravel.it\/infovacanze\/nozze\/argentina\/","title":{"rendered":"Argentina"},"content":{"rendered":"<p>Vi siete\u00a0<strong>appena sposati e volete una meta caratteristica<\/strong>, originale, fantastica per il\u00a0<strong>vostro viaggio di nozze<\/strong>\u00a0? Scegliete una crociera ai Caraibi con scalo in Argentina !<\/p>\n<p>L\u2019argentina \u00e8 spesso legata all\u2019idea del tango e dei gauchos, ma non tutti i turisti sanno che in argentina si possono scoprire davvero moltissime meraviglie naturali che variano dai deserti del nord alla cordigliera dellande, arrivando alle cascate igauzu per finire ai meravigliosi paesaggi in Patagonia. Durante il vostro\u00a0<strong>scalo nel viaggio di nozze<\/strong>\u00a0tappa obbligatoria \u00e8 la capitale Buenos Aires, citt\u00e0 ammirata perch\u00e9 raffinata ed elegante, simula molto le classiche citt\u00e0 europee.<\/p>\n<p>Al giorno d\u2019oggi c\u2019\u00e8 un lungo percorso da fare per arrivare al top ma in quanto a ricchezza naturale \u00e8 tutt\u2019altro che povera come nazione. L\u2019argentina \u00e8 una paese tenace che sfida il turismo e cerca sempre di offrire servizi innovativi e di qualit\u00e0 !<\/p>\n<p>Questo la rende una tappa ideale per i<strong>neo sposi che vogliono un viaggio emozionante ma non troppo caotico !<\/strong><br \/>\nPer le\u00a0<strong>coppie appena sposate che visitano l\u2019argentina<\/strong>\u00a0hanno la possibilit\u00e0 di godere di varie manifestazioni, feste, cerimonie ed eventi in base al periodo in cui ci si reca ! Non ci sono moltissime feste, la maggior parte coincidono con le festivit\u00e0 previste dal calendario liturgico della chiesa cattolica, a Natale, capodanno e Pasqua tutto si ferma e si festeggia ! famosissime sono il 25 maggio che ricorda la rivoluzione di maggio, il Malvinas Day il 10 giugno ed il Columbus Day il 12 ottobre !<\/p>\n<p><strong>Le<\/strong>\u00a0<strong>attrattive metropolitane renderanno il vostro viaggio di nozze ancora pi\u00f9 caratteristico<\/strong>, in alcune per\u00f2 d\u2019inverno sono ghiacciate ed \u00e8 consigliato visitarle d\u2019estate, l\u2019Argentina comuqnue \u00e8 visitabile in qualsiasi periodo dell\u2019anno !<\/p>\n<p>Tutti i cittadini italiano, possono entrare in argentina per 90 giorni senza la necessit\u00e0 di un visto turistico, il passaporto dev\u2019esser valido per almeno sei mesi dalla data di partenza e il visto \u00e8 rinnovabile per altri 90 giorni, arrivando quindi ad un totale di 180 giorni !<\/p>\n","protected":false},"excerpt":{"rendered":"<p>Vi siete\u00a0appena sposati e volete una meta caratteristica, originale, fantastica per il\u00a0vostro viaggio di nozze\u00a0? Scegliete una crociera ai Caraibi con scalo in Argentina ! L\u2019argentina \u00e8 spesso legata all\u2019idea del tango e dei gauchos, ma non tutti i turisti sanno che in argentina si possono scoprire davvero moltissime meraviglie naturali che variano dai deserti <a class=\"moretag\" href=\"https:\/\/crociere.evolutiontravel.it\/infovacanze\/nozze\/argentina\/\">[&#8230;]<\/a><\/p>\n","protected":false},"author":1,"featured_media":0,"parent":154,"menu_order":0,"comment_status":"closed","ping_status":"open","template":"","meta":{"footnotes":""},"yoast_head":"<!-- This site is optimized with the Yoast SEO plugin v21.9.1 - https:\/\/yoast.com\/wordpress\/plugins\/seo\/ -->\n<title>in argentina tra feste tradizionali, stile elegante ed europeo per un viaggio di nozze davvero strepitoso !<\/title>\n<meta name=\"description\" content=\"L\u2019argentina \u00e8 un paese piuttosto classico con molte meraviglie naturali, la location ideale per coppie appena sposate in viaggio di nozze alla ricerca di serenit\u00e0, tranquillit\u00e0 e spettacoli naturali bellissimi !\" \/>\n<meta name=\"robots\" content=\"index, follow, max-snippet:-1, max-image-preview:large, max-video-preview:-1\" \/>\n<link rel=\"canonical\" href=\"https:\/\/crociere.evolutiontravel.it\/infovacanze\/nozze\/argentina\/\" \/>\n<meta name=\"twitter:label1\" content=\"Tempo di lettura stimato\" \/>\n\t<meta name=\"twitter:data1\" content=\"2 minuti\" \/>\n<script type=\"application\/ld+json\" class=\"yoast-schema-graph\">{\"@context\":\"https:\/\/schema.org\",\"@graph\":[{\"@type\":\"WebPage\",\"@id\":\"https:\/\/crociere.evolutiontravel.it\/infovacanze\/nozze\/argentina\/\",\"url\":\"https:\/\/crociere.evolutiontravel.it\/infovacanze\/nozze\/argentina\/\",\"name\":\"in argentina tra feste tradizionali, stile elegante ed europeo per un viaggio di nozze davvero strepitoso !\",\"isPartOf\":{\"@id\":\"https:\/\/crociere.evolutiontravel.it\/infovacanze\/#website\"},\"datePublished\":\"2013-08-13T16:35:16+00:00\",\"dateModified\":\"2014-01-06T15:43:25+00:00\",\"description\":\"L\u2019argentina \u00e8 un paese piuttosto classico con molte meraviglie naturali, la location ideale per coppie appena sposate in viaggio di nozze alla ricerca di serenit\u00e0, tranquillit\u00e0 e spettacoli naturali bellissimi !\",\"breadcrumb\":{\"@id\":\"https:\/\/crociere.evolutiontravel.it\/infovacanze\/nozze\/argentina\/#breadcrumb\"},\"inLanguage\":\"it-IT\",\"potentialAction\":[{\"@type\":\"ReadAction\",\"target\":[\"https:\/\/crociere.evolutiontravel.it\/infovacanze\/nozze\/argentina\/\"]}]},{\"@type\":\"BreadcrumbList\",\"@id\":\"https:\/\/crociere.evolutiontravel.it\/infovacanze\/nozze\/argentina\/#breadcrumb\",\"itemListElement\":[{\"@type\":\"ListItem\",\"position\":1,\"name\":\"Viaggi di Nozze\",\"item\":\"https:\/\/crociere.evolutiontravel.it\/infovacanze\/nozze\/\"},{\"@type\":\"ListItem\",\"position\":2,\"name\":\"Argentina\"}]},{\"@type\":\"WebSite\",\"@id\":\"https:\/\/crociere.evolutiontravel.it\/infovacanze\/#website\",\"url\":\"https:\/\/crociere.evolutiontravel.it\/infovacanze\/\",\"name\":\"Crociere\",\"description\":\"\",\"potentialAction\":[{\"@type\":\"SearchAction\",\"target\":{\"@type\":\"EntryPoint\",\"urlTemplate\":\"https:\/\/crociere.evolutiontravel.it\/infovacanze\/?s={search_term_string}\"},\"query-input\":\"required name=search_term_string\"}],\"inLanguage\":\"it-IT\"}]}<\/script>\n<!-- \/ Yoast SEO plugin. -->","yoast_head_json":{"title":"in argentina tra feste tradizionali, stile elegante ed europeo per un viaggio di nozze davvero strepitoso !","description":"L\u2019argentina \u00e8 un paese piuttosto classico con molte meraviglie naturali, la location ideale per coppie appena sposate in viaggio di nozze alla ricerca di serenit\u00e0, tranquillit\u00e0 e spettacoli naturali bellissimi !","robots":{"index":"index","follow":"follow","max-snippet":"max-snippet:-1","max-image-preview":"max-image-preview:large","max-video-preview":"max-video-preview:-1"},"canonical":"https:\/\/crociere.evolutiontravel.it\/infovacanze\/nozze\/argentina\/","twitter_misc":{"Tempo di lettura stimato":"2 minuti"},"schema":{"@context":"https:\/\/schema.org","@graph":[{"@type":"WebPage","@id":"https:\/\/crociere.evolutiontravel.it\/infovacanze\/nozze\/argentina\/","url":"https:\/\/crociere.evolutiontravel.it\/infovacanze\/nozze\/argentina\/","name":"in argentina tra feste tradizionali, stile elegante ed europeo per un viaggio di nozze davvero strepitoso !","isPartOf":{"@id":"https:\/\/crociere.evolutiontravel.it\/infovacanze\/#website"},"datePublished":"2013-08-13T16:35:16+00:00","dateModified":"2014-01-06T15:43:25+00:00","description":"L\u2019argentina \u00e8 un paese piuttosto classico con molte meraviglie naturali, la location ideale per coppie appena sposate in viaggio di nozze alla ricerca di serenit\u00e0, tranquillit\u00e0 e spettacoli naturali bellissimi !","breadcrumb":{"@id":"https:\/\/crociere.evolutiontravel.it\/infovacanze\/nozze\/argentina\/#breadcrumb"},"inLanguage":"it-IT","potentialAction":[{"@type":"ReadAction","target":["https:\/\/crociere.evolutiontravel.it\/infovacanze\/nozze\/argentina\/"]}]},{"@type":"BreadcrumbList","@id":"https:\/\/crociere.evolutiontravel.it\/infovacanze\/nozze\/argentina\/#breadcrumb","itemListElement":[{"@type":"ListItem","position":1,"name":"Viaggi di Nozze","item":"https:\/\/crociere.evolutiontravel.it\/infovacanze\/nozze\/"},{"@type":"ListItem","position":2,"name":"Argentina"}]},{"@type":"WebSite","@id":"https:\/\/crociere.evolutiontravel.it\/infovacanze\/#website","url":"https:\/\/crociere.evolutiontravel.it\/infovacanze\/","name":"Crociere","description":"","potentialAction":[{"@type":"SearchAction","target":{"@type":"EntryPoint","urlTemplate":"https:\/\/crociere.evolutiontravel.it\/infovacanze\/?s={search_term_string}"},"query-input":"required name=search_term_string"}],"inLanguage":"it-IT"}]}},"_links":{"self":[{"href":"https:\/\/crociere.evolutiontravel.it\/infovacanze\/wp-json\/wp\/v2\/pages\/158"}],"collection":[{"href":"https:\/\/crociere.evolutiontravel.it\/infovacanze\/wp-json\/wp\/v2\/pages"}],"about":[{"href":"https:\/\/crociere.evolutiontravel.it\/infovacanze\/wp-json\/wp\/v2\/types\/page"}],"author":[{"embeddable":true,"href":"https:\/\/crociere.evolutiontravel.it\/infovacanze\/wp-json\/wp\/v2\/users\/1"}],"replies":[{"embeddable":true,"href":"https:\/\/crociere.evolutiontravel.it\/infovacanze\/wp-json\/wp\/v2\/comments?post=158"}],"version-history":[{"count":3,"href":"https:\/\/crociere.evolutiontravel.it\/infovacanze\/wp-json\/wp\/v2\/pages\/158\/revisions"}],"predecessor-version":[{"id":616,"href":"https:\/\/crociere.evolutiontravel.it\/infovacanze\/wp-json\/wp\/v2\/pages\/158\/revisions\/616"}],"up":[{"embeddable":true,"href":"https:\/\/crociere.evolutiontravel.it\/infovacanze\/wp-json\/wp\/v2\/pages\/154"}],"wp:attachment":[{"href":"https:\/\/crociere.evolutiontravel.it\/infovacanze\/wp-json\/wp\/v2\/media?parent=158"}],"curies":[{"name":"wp","href":"https:\/\/api.w.org\/{rel}","templated":true}]}}