{"id":164,"date":"2013-08-13T18:41:54","date_gmt":"2013-08-13T16:41:54","guid":{"rendered":"http:\/\/crociere.evolutiontravel.it\/infovacanze\/?page_id=164"},"modified":"2014-01-06T16:42:07","modified_gmt":"2014-01-06T15:42:07","slug":"russia","status":"publish","type":"page","link":"https:\/\/crociere.evolutiontravel.it\/infovacanze\/nozze\/russia\/","title":{"rendered":"Russia"},"content":{"rendered":"<p><strong>I viaggi di nozze<\/strong>\u00a0sono sempre un avvenimento molto intenso, negli ultimi anni la Russia \u00e8 stata in grado di offrire servizi sempre di piu\u2019 alta affidabilit\u00e0. La capitale della russia \u00e8 Mosca ed ha un fuso orario gmt +3<\/p>\n<p><strong>La russia<\/strong>\u00a0si estende tra europa ed asia. E\u2019 lo stato pi\u00f9 grande al mondo e confina con moltissimi stati. E? bagnata dal mar Baltico, mar Glaciale Artico, Oceano Pacifico, mar Nero ed infine Mar Caspio. La russia con la sua estensione rende adatto il\u00a0<strong>territorio adatto per le coppie in viaggio di nozze<\/strong>\u00a0grazie alla vasta scelta di attivit\u00e0 !<\/p>\n<p>Le principali citt\u00e0 da vedere sono Mosca (la capitale), S. Pietroburgo, Pskov e Novogord. Per le coppie amanti del medioevo invece le citt\u00e0 piu\u2019 importanti sono Suzdal, Vladimir, Rostov e Sergiev ! le crociere lungo i fiumi fanno scali a volte lunghi piu\u2019 di un giorno che vi consentono di visitare le principali citt\u00e0 della russia !<br \/>\n<strong>La principale crociera che si pu\u00f2 fare in russia \u00e8 quela sul volga<\/strong>\u00a0che non lascer\u00e0 nessuna emozione al caso !<\/p>\n<p>Molti siti di interesse turistico sono anche indicizzati nelle aree valorizzate dall\u2019unesco. Primo tra questi il centro storico di S. Pietroburgo, il cremlino e la piazza rossa a Mosca, I monumenti bianchi di Vladimir e Suzdal, la chiesa dell\u2019ascensione, la foresta vergine di Komi, i vulcani della kamchatka, il centro storico della citt\u00e0 di Yaroslav ed infine l\u2019arco geodetico di Sturve.<\/p>\n<p><strong>Quando andare a fare il viaggio di nozze in russia ?<\/strong>\u00a0Il periodo migliore per andare a fare il viaggio di nozze coincide con i mesi di Luglio ed Agosto che sono i mesi pi\u00f9 caldi anche se hanno precipitazioni molto frequenti !<\/p>\n<p><strong>Il clima in Russia<\/strong>\u00a0\u00e8 caratterizzato da vari climi, per via della sua estensione !\u00a0 Non \u00e8 un territorio eccessivamente caldo e i mesi invernali sono sottoposti a temperature davvero rigide !<br \/>\n<strong>In crociera in Russia<\/strong>\u00a0ci sono molte possibilit\u00e0, sia per i servizi offerti dalla nave sia per l\u2019incredibile dinamismo dell\u2019intero viaggio.\u00a0<strong>Su alcuni portali in rete si possono scoprire interessantissime offerte per le crociere !<\/strong><\/p>\n","protected":false},"excerpt":{"rendered":"<p>I viaggi di nozze\u00a0sono sempre un avvenimento molto intenso, negli ultimi anni la Russia \u00e8 stata in grado di offrire servizi sempre di piu\u2019 alta affidabilit\u00e0. La capitale della russia \u00e8 Mosca ed ha un fuso orario gmt +3 La russia\u00a0si estende tra europa ed asia. E\u2019 lo stato pi\u00f9 grande al mondo e confina <a class=\"moretag\" href=\"https:\/\/crociere.evolutiontravel.it\/infovacanze\/nozze\/russia\/\">[&#8230;]<\/a><\/p>\n","protected":false},"author":1,"featured_media":0,"parent":154,"menu_order":0,"comment_status":"closed","ping_status":"open","template":"","meta":{"footnotes":""},"yoast_head":"<!-- This site is optimized with the Yoast SEO plugin v21.9.1 - https:\/\/yoast.com\/wordpress\/plugins\/seo\/ -->\n<title>La crociera in russia, tra citt\u00e0 medievali e il cremlino, ogni scalo offre milioni di possibilit\u00e0 per coppie in viaggio di nozze !<\/title>\n<meta name=\"description\" content=\"Un viaggio di nozze \u00e8 un avvenimento che dev\u2019essere speciale, in russia tutte le coppie possono dare spazio alla loro voglia di romanticismo e curiosit\u00e0 ! Partendo da una crociera per arrivare agli scali sulle citt\u00e0 pi\u00f9 importanti !\" \/>\n<meta name=\"robots\" content=\"index, follow, max-snippet:-1, max-image-preview:large, max-video-preview:-1\" \/>\n<link rel=\"canonical\" href=\"https:\/\/crociere.evolutiontravel.it\/infovacanze\/nozze\/russia\/\" \/>\n<meta name=\"twitter:label1\" content=\"Tempo di lettura stimato\" \/>\n\t<meta name=\"twitter:data1\" content=\"2 minuti\" \/>\n<script type=\"application\/ld+json\" class=\"yoast-schema-graph\">{\"@context\":\"https:\/\/schema.org\",\"@graph\":[{\"@type\":\"WebPage\",\"@id\":\"https:\/\/crociere.evolutiontravel.it\/infovacanze\/nozze\/russia\/\",\"url\":\"https:\/\/crociere.evolutiontravel.it\/infovacanze\/nozze\/russia\/\",\"name\":\"La crociera in russia, tra citt\u00e0 medievali e il cremlino, ogni scalo offre milioni di possibilit\u00e0 per coppie in viaggio di nozze !\",\"isPartOf\":{\"@id\":\"https:\/\/crociere.evolutiontravel.it\/infovacanze\/#website\"},\"datePublished\":\"2013-08-13T16:41:54+00:00\",\"dateModified\":\"2014-01-06T15:42:07+00:00\",\"description\":\"Un viaggio di nozze \u00e8 un avvenimento che dev\u2019essere speciale, in russia tutte le coppie possono dare spazio alla loro voglia di romanticismo e curiosit\u00e0 ! Partendo da una crociera per arrivare agli scali sulle citt\u00e0 pi\u00f9 importanti !\",\"breadcrumb\":{\"@id\":\"https:\/\/crociere.evolutiontravel.it\/infovacanze\/nozze\/russia\/#breadcrumb\"},\"inLanguage\":\"it-IT\",\"potentialAction\":[{\"@type\":\"ReadAction\",\"target\":[\"https:\/\/crociere.evolutiontravel.it\/infovacanze\/nozze\/russia\/\"]}]},{\"@type\":\"BreadcrumbList\",\"@id\":\"https:\/\/crociere.evolutiontravel.it\/infovacanze\/nozze\/russia\/#breadcrumb\",\"itemListElement\":[{\"@type\":\"ListItem\",\"position\":1,\"name\":\"Viaggi di Nozze\",\"item\":\"https:\/\/crociere.evolutiontravel.it\/infovacanze\/nozze\/\"},{\"@type\":\"ListItem\",\"position\":2,\"name\":\"Russia\"}]},{\"@type\":\"WebSite\",\"@id\":\"https:\/\/crociere.evolutiontravel.it\/infovacanze\/#website\",\"url\":\"https:\/\/crociere.evolutiontravel.it\/infovacanze\/\",\"name\":\"Crociere\",\"description\":\"\",\"potentialAction\":[{\"@type\":\"SearchAction\",\"target\":{\"@type\":\"EntryPoint\",\"urlTemplate\":\"https:\/\/crociere.evolutiontravel.it\/infovacanze\/?s={search_term_string}\"},\"query-input\":\"required name=search_term_string\"}],\"inLanguage\":\"it-IT\"}]}<\/script>\n<!-- \/ Yoast SEO plugin. -->","yoast_head_json":{"title":"La crociera in russia, tra citt\u00e0 medievali e il cremlino, ogni scalo offre milioni di possibilit\u00e0 per coppie in viaggio di nozze !","description":"Un viaggio di nozze \u00e8 un avvenimento che dev\u2019essere speciale, in russia tutte le coppie possono dare spazio alla loro voglia di romanticismo e curiosit\u00e0 ! Partendo da una crociera per arrivare agli scali sulle citt\u00e0 pi\u00f9 importanti !","robots":{"index":"index","follow":"follow","max-snippet":"max-snippet:-1","max-image-preview":"max-image-preview:large","max-video-preview":"max-video-preview:-1"},"canonical":"https:\/\/crociere.evolutiontravel.it\/infovacanze\/nozze\/russia\/","twitter_misc":{"Tempo di lettura stimato":"2 minuti"},"schema":{"@context":"https:\/\/schema.org","@graph":[{"@type":"WebPage","@id":"https:\/\/crociere.evolutiontravel.it\/infovacanze\/nozze\/russia\/","url":"https:\/\/crociere.evolutiontravel.it\/infovacanze\/nozze\/russia\/","name":"La crociera in russia, tra citt\u00e0 medievali e il cremlino, ogni scalo offre milioni di possibilit\u00e0 per coppie in viaggio di nozze !","isPartOf":{"@id":"https:\/\/crociere.evolutiontravel.it\/infovacanze\/#website"},"datePublished":"2013-08-13T16:41:54+00:00","dateModified":"2014-01-06T15:42:07+00:00","description":"Un viaggio di nozze \u00e8 un avvenimento che dev\u2019essere speciale, in russia tutte le coppie possono dare spazio alla loro voglia di romanticismo e curiosit\u00e0 ! Partendo da una crociera per arrivare agli scali sulle citt\u00e0 pi\u00f9 importanti !","breadcrumb":{"@id":"https:\/\/crociere.evolutiontravel.it\/infovacanze\/nozze\/russia\/#breadcrumb"},"inLanguage":"it-IT","potentialAction":[{"@type":"ReadAction","target":["https:\/\/crociere.evolutiontravel.it\/infovacanze\/nozze\/russia\/"]}]},{"@type":"BreadcrumbList","@id":"https:\/\/crociere.evolutiontravel.it\/infovacanze\/nozze\/russia\/#breadcrumb","itemListElement":[{"@type":"ListItem","position":1,"name":"Viaggi di Nozze","item":"https:\/\/crociere.evolutiontravel.it\/infovacanze\/nozze\/"},{"@type":"ListItem","position":2,"name":"Russia"}]},{"@type":"WebSite","@id":"https:\/\/crociere.evolutiontravel.it\/infovacanze\/#website","url":"https:\/\/crociere.evolutiontravel.it\/infovacanze\/","name":"Crociere","description":"","potentialAction":[{"@type":"SearchAction","target":{"@type":"EntryPoint","urlTemplate":"https:\/\/crociere.evolutiontravel.it\/infovacanze\/?s={search_term_string}"},"query-input":"required name=search_term_string"}],"inLanguage":"it-IT"}]}},"_links":{"self":[{"href":"https:\/\/crociere.evolutiontravel.it\/infovacanze\/wp-json\/wp\/v2\/pages\/164"}],"collection":[{"href":"https:\/\/crociere.evolutiontravel.it\/infovacanze\/wp-json\/wp\/v2\/pages"}],"about":[{"href":"https:\/\/crociere.evolutiontravel.it\/infovacanze\/wp-json\/wp\/v2\/types\/page"}],"author":[{"embeddable":true,"href":"https:\/\/crociere.evolutiontravel.it\/infovacanze\/wp-json\/wp\/v2\/users\/1"}],"replies":[{"embeddable":true,"href":"https:\/\/crociere.evolutiontravel.it\/infovacanze\/wp-json\/wp\/v2\/comments?post=164"}],"version-history":[{"count":3,"href":"https:\/\/crociere.evolutiontravel.it\/infovacanze\/wp-json\/wp\/v2\/pages\/164\/revisions"}],"predecessor-version":[{"id":600,"href":"https:\/\/crociere.evolutiontravel.it\/infovacanze\/wp-json\/wp\/v2\/pages\/164\/revisions\/600"}],"up":[{"embeddable":true,"href":"https:\/\/crociere.evolutiontravel.it\/infovacanze\/wp-json\/wp\/v2\/pages\/154"}],"wp:attachment":[{"href":"https:\/\/crociere.evolutiontravel.it\/infovacanze\/wp-json\/wp\/v2\/media?parent=164"}],"curies":[{"name":"wp","href":"https:\/\/api.w.org\/{rel}","templated":true}]}}