{"id":183,"date":"2013-08-13T18:58:44","date_gmt":"2013-08-13T16:58:44","guid":{"rendered":"http:\/\/crociere.evolutiontravel.it\/infovacanze\/?page_id=183"},"modified":"2016-06-15T15:16:34","modified_gmt":"2016-06-15T13:16:34","slug":"fiordi-norvegesi","status":"publish","type":"page","link":"https:\/\/crociere.evolutiontravel.it\/infovacanze\/nozze\/fiordi-norvegesi\/","title":{"rendered":"Fiordi Norvegesi"},"content":{"rendered":"<p style=\"text-align: justify\">Se vi state per sposare e volete fare un\u00a0<strong>viaggio di nozze indimenticabile<\/strong>all\u2019insegna delle emozioni potete scegliere i fiordi Norvegesi.<br \/>\nSplendidi e\u00a0<strong>pazzeschi panorami e scenari naturali<\/strong>, tra l\u2019altro nella crociera ci si puo\u2019 fermare in 3 capitali europee come Oslo, Stoccolma e Copenhagen !<br \/>\nI viaggi durano generalmente 2-3 settimane, molti\u00a0<strong>giovani in viaggio di nozze<\/strong>\u00a0si dedicano a questa esperienza di\u00a0<strong>crociera nei fiordi norvegesi<\/strong>\u00a0!<br \/>\nTutti coloro che prendono parte alla\u00a0<strong>crociera nei fiordi norvegesi<\/strong>assistono ad uno spettacolo di una bellezza ed un\u2019 unicit\u00e0 incredibili ! Non si visitano solo i fiordi infatti ma anche alcune diverse cittadine in cui la nave fa scalo, permettendo ai passeggeri di integrarsi nell\u2019ambiente locale !<\/p>\n<p style=\"text-align: justify\">Tra le emozioni piu\u2019 grandi che si possono provare c\u2019\u00e8 sicuramente la vista del\u00a0<strong>sole di mezzanotte<\/strong>\u00a0! A nord del circolo polare artico passando tra montagne altissime, in uno dei fiordi piu\u2019 suggestivi e fantastici di tutta la norvegia !<\/p>\n<p style=\"text-align: justify\">L\u2019unica cosa che puo\u2019 fermare un impavido innamorato in\u00a0<strong>viaggio di nozze tra i fiordi norvegesi<\/strong>\u00a0\u00e8 il vento, le cui raffiche a volte raggiungono anche i 90-100 km orari, nebbia e neve !<\/p>\n<p style=\"text-align: justify\">Ci sono vari tipi di crocere, sia con navi locali sia con navi di compagnie come la costa crocere , il costo medio \u00e8 attorno ai 1800-2000 euro.<br \/>\nNon sono previste profilassi e vaccinazioni di nessun tipo, ricordo pero\u2019 di portare sempre con se i principali medicinali assunti, sia in via ordinaria che straordinaria. In valigia mettete capi pesanti non c\u2019\u00e8 il minimo rischio che faccia caldo !<\/p>\n<p style=\"text-align: justify\">I periodi ideali per visitare i fiordi norvegesi non esistono poich\u00e9 sono tutte adatte. In estate le temperature possono superare i 25 gradi e si puo\u2019 provare lo sci estivo. In autunno l\u2019ambientazione si dipinge con il color oro, si possono anche vedere i bambini che vivono nelle fattorie di famiglia che vendono i prodotti raccolti come mele, pere e prugne !<\/p>\n<p style=\"text-align: justify\">In inverno\u00a0<strong>la norvegia e i suoi fiordi<\/strong>\u00a0si trasformano in un\u00a0<strong>paradiso per gli sciatori<\/strong>. Molte bufere di neve e nuvole sono molto probabili nella costa occidentale. Per merito della corrente del golfo rimane un clima temperato e i fiordi non vengono coperti dal ghiaccio permettendo lo svolgimento delle crociere !<\/p>\n<p style=\"text-align: justify\">Infine in primavera si vedono i colori piu\u2019 affascinanti dei frutteti e gli alberi, le temperature pero\u2019 cambiano in modo davvero repentino !<\/p>\n","protected":false},"excerpt":{"rendered":"<p>Se vi state per sposare e volete fare un\u00a0viaggio di nozze indimenticabileall\u2019insegna delle emozioni potete scegliere i fiordi Norvegesi. Splendidi e\u00a0pazzeschi panorami e scenari naturali, tra l\u2019altro nella crociera ci si puo\u2019 fermare in 3 capitali europee come Oslo, Stoccolma e Copenhagen ! I viaggi durano generalmente 2-3 settimane, molti\u00a0giovani in viaggio di nozze\u00a0si dedicano <a class=\"moretag\" href=\"https:\/\/crociere.evolutiontravel.it\/infovacanze\/nozze\/fiordi-norvegesi\/\">[&#8230;]<\/a><\/p>\n","protected":false},"author":1,"featured_media":0,"parent":154,"menu_order":0,"comment_status":"closed","ping_status":"open","template":"templates\/template-with-right-sidebar.php","meta":{"footnotes":""},"yoast_head":"<!-- This site is optimized with the Yoast SEO plugin v21.9.1 - https:\/\/yoast.com\/wordpress\/plugins\/seo\/ -->\n<title>In viaggio di nozze tra i fiordi norvegesi ! esperienza unica ed insosituibile ! davvero da provare !<\/title>\n<meta name=\"description\" content=\"Il vostro viaggio di nozze, renderlo speciale \u00e8 essenziale, perch\u00e9 non farlo in crociera tra caraibi e messico? Un atmosfera travolgente vi porter\u00e0 mille emozioni, vi far\u00e0 venir voglia di non tornar pi\u00f9 a casa !\" \/>\n<meta name=\"robots\" content=\"index, follow, max-snippet:-1, max-image-preview:large, max-video-preview:-1\" \/>\n<link rel=\"canonical\" href=\"https:\/\/crociere.evolutiontravel.it\/infovacanze\/nozze\/fiordi-norvegesi\/\" \/>\n<meta name=\"twitter:label1\" content=\"Tempo di lettura stimato\" \/>\n\t<meta name=\"twitter:data1\" content=\"2 minuti\" \/>\n<script type=\"application\/ld+json\" class=\"yoast-schema-graph\">{\"@context\":\"https:\/\/schema.org\",\"@graph\":[{\"@type\":\"WebPage\",\"@id\":\"https:\/\/crociere.evolutiontravel.it\/infovacanze\/nozze\/fiordi-norvegesi\/\",\"url\":\"https:\/\/crociere.evolutiontravel.it\/infovacanze\/nozze\/fiordi-norvegesi\/\",\"name\":\"In viaggio di nozze tra i fiordi norvegesi ! esperienza unica ed insosituibile ! davvero da provare !\",\"isPartOf\":{\"@id\":\"https:\/\/crociere.evolutiontravel.it\/infovacanze\/#website\"},\"datePublished\":\"2013-08-13T16:58:44+00:00\",\"dateModified\":\"2016-06-15T13:16:34+00:00\",\"description\":\"Il vostro viaggio di nozze, renderlo speciale \u00e8 essenziale, perch\u00e9 non farlo in crociera tra caraibi e messico? Un atmosfera travolgente vi porter\u00e0 mille emozioni, vi far\u00e0 venir voglia di non tornar pi\u00f9 a casa !\",\"breadcrumb\":{\"@id\":\"https:\/\/crociere.evolutiontravel.it\/infovacanze\/nozze\/fiordi-norvegesi\/#breadcrumb\"},\"inLanguage\":\"it-IT\",\"potentialAction\":[{\"@type\":\"ReadAction\",\"target\":[\"https:\/\/crociere.evolutiontravel.it\/infovacanze\/nozze\/fiordi-norvegesi\/\"]}]},{\"@type\":\"BreadcrumbList\",\"@id\":\"https:\/\/crociere.evolutiontravel.it\/infovacanze\/nozze\/fiordi-norvegesi\/#breadcrumb\",\"itemListElement\":[{\"@type\":\"ListItem\",\"position\":1,\"name\":\"Viaggi di Nozze\",\"item\":\"https:\/\/crociere.evolutiontravel.it\/infovacanze\/nozze\/\"},{\"@type\":\"ListItem\",\"position\":2,\"name\":\"Fiordi Norvegesi\"}]},{\"@type\":\"WebSite\",\"@id\":\"https:\/\/crociere.evolutiontravel.it\/infovacanze\/#website\",\"url\":\"https:\/\/crociere.evolutiontravel.it\/infovacanze\/\",\"name\":\"Crociere\",\"description\":\"\",\"potentialAction\":[{\"@type\":\"SearchAction\",\"target\":{\"@type\":\"EntryPoint\",\"urlTemplate\":\"https:\/\/crociere.evolutiontravel.it\/infovacanze\/?s={search_term_string}\"},\"query-input\":\"required name=search_term_string\"}],\"inLanguage\":\"it-IT\"}]}<\/script>\n<!-- \/ Yoast SEO plugin. -->","yoast_head_json":{"title":"In viaggio di nozze tra i fiordi norvegesi ! esperienza unica ed insosituibile ! davvero da provare !","description":"Il vostro viaggio di nozze, renderlo speciale \u00e8 essenziale, perch\u00e9 non farlo in crociera tra caraibi e messico? Un atmosfera travolgente vi porter\u00e0 mille emozioni, vi far\u00e0 venir voglia di non tornar pi\u00f9 a casa !","robots":{"index":"index","follow":"follow","max-snippet":"max-snippet:-1","max-image-preview":"max-image-preview:large","max-video-preview":"max-video-preview:-1"},"canonical":"https:\/\/crociere.evolutiontravel.it\/infovacanze\/nozze\/fiordi-norvegesi\/","twitter_misc":{"Tempo di lettura stimato":"2 minuti"},"schema":{"@context":"https:\/\/schema.org","@graph":[{"@type":"WebPage","@id":"https:\/\/crociere.evolutiontravel.it\/infovacanze\/nozze\/fiordi-norvegesi\/","url":"https:\/\/crociere.evolutiontravel.it\/infovacanze\/nozze\/fiordi-norvegesi\/","name":"In viaggio di nozze tra i fiordi norvegesi ! esperienza unica ed insosituibile ! davvero da provare !","isPartOf":{"@id":"https:\/\/crociere.evolutiontravel.it\/infovacanze\/#website"},"datePublished":"2013-08-13T16:58:44+00:00","dateModified":"2016-06-15T13:16:34+00:00","description":"Il vostro viaggio di nozze, renderlo speciale \u00e8 essenziale, perch\u00e9 non farlo in crociera tra caraibi e messico? Un atmosfera travolgente vi porter\u00e0 mille emozioni, vi far\u00e0 venir voglia di non tornar pi\u00f9 a casa !","breadcrumb":{"@id":"https:\/\/crociere.evolutiontravel.it\/infovacanze\/nozze\/fiordi-norvegesi\/#breadcrumb"},"inLanguage":"it-IT","potentialAction":[{"@type":"ReadAction","target":["https:\/\/crociere.evolutiontravel.it\/infovacanze\/nozze\/fiordi-norvegesi\/"]}]},{"@type":"BreadcrumbList","@id":"https:\/\/crociere.evolutiontravel.it\/infovacanze\/nozze\/fiordi-norvegesi\/#breadcrumb","itemListElement":[{"@type":"ListItem","position":1,"name":"Viaggi di Nozze","item":"https:\/\/crociere.evolutiontravel.it\/infovacanze\/nozze\/"},{"@type":"ListItem","position":2,"name":"Fiordi Norvegesi"}]},{"@type":"WebSite","@id":"https:\/\/crociere.evolutiontravel.it\/infovacanze\/#website","url":"https:\/\/crociere.evolutiontravel.it\/infovacanze\/","name":"Crociere","description":"","potentialAction":[{"@type":"SearchAction","target":{"@type":"EntryPoint","urlTemplate":"https:\/\/crociere.evolutiontravel.it\/infovacanze\/?s={search_term_string}"},"query-input":"required name=search_term_string"}],"inLanguage":"it-IT"}]}},"_links":{"self":[{"href":"https:\/\/crociere.evolutiontravel.it\/infovacanze\/wp-json\/wp\/v2\/pages\/183"}],"collection":[{"href":"https:\/\/crociere.evolutiontravel.it\/infovacanze\/wp-json\/wp\/v2\/pages"}],"about":[{"href":"https:\/\/crociere.evolutiontravel.it\/infovacanze\/wp-json\/wp\/v2\/types\/page"}],"author":[{"embeddable":true,"href":"https:\/\/crociere.evolutiontravel.it\/infovacanze\/wp-json\/wp\/v2\/users\/1"}],"replies":[{"embeddable":true,"href":"https:\/\/crociere.evolutiontravel.it\/infovacanze\/wp-json\/wp\/v2\/comments?post=183"}],"version-history":[{"count":3,"href":"https:\/\/crociere.evolutiontravel.it\/infovacanze\/wp-json\/wp\/v2\/pages\/183\/revisions"}],"predecessor-version":[{"id":728,"href":"https:\/\/crociere.evolutiontravel.it\/infovacanze\/wp-json\/wp\/v2\/pages\/183\/revisions\/728"}],"up":[{"embeddable":true,"href":"https:\/\/crociere.evolutiontravel.it\/infovacanze\/wp-json\/wp\/v2\/pages\/154"}],"wp:attachment":[{"href":"https:\/\/crociere.evolutiontravel.it\/infovacanze\/wp-json\/wp\/v2\/media?parent=183"}],"curies":[{"name":"wp","href":"https:\/\/api.w.org\/{rel}","templated":true}]}}