{"id":393,"date":"2013-10-28T18:28:04","date_gmt":"2013-10-28T17:28:04","guid":{"rendered":"http:\/\/crociere.evolutiontravel.it\/infovacanze\/?page_id=393"},"modified":"2014-01-06T15:31:01","modified_gmt":"2014-01-06T14:31:01","slug":"crociera-mediterraneo-agosto","status":"publish","type":"page","link":"https:\/\/crociere.evolutiontravel.it\/infovacanze\/destinazioni\/crociera-mediterraneo-agosto\/","title":{"rendered":"Crociera mediterraneo Agosto"},"content":{"rendered":"<p>Perch\u00e9 non vi regalate una vacanza diversa dal solito per il prossimo agosto?<\/p>\n<p>Con una <b>crociera nel mediterraneo, <\/b>potrete godervi a pieno la bellezza di questo mare<b>,<\/b> unita ai confort delle famose <b>navi da crociera, <\/b>ed uscire cos\u00ec dalla ressa delle vacanze nel mese di <b>agosto, <\/b>potrete trovare molte offerte capaci di concretizzare quest\u2019idea, anche in termini vantaggiosi oltre che allettanti.<\/p>\n<p>La <b>crociera <\/b>\u00e8 un modo affascinante di vivere la vacanza, perch\u00e9 vi permette di vivere in una dimensione diversa dal quotidiano come appunto quella della <b>nave, <\/b>dandovi la possibilit\u00e0 di sperimentare il mare aperto, a tutto questo dovete unire ci\u00f2 che pu\u00f2 rendervi pi\u00f9 che confortevole e rilassante la vacanza. Le <b>navi da crociera <\/b>offrono: palestre, piscine, spazi intrattenimento, centri bellezza e benessere, biblioteche, ovviamente ristoranti e luoghi d\u2019incontro, ecc., questa ricchezza potr\u00e0 soddisfare ogni vostra necessit\u00e0 e curiosit\u00e0, relativa alle esperienze che volete provare su una <b>nave da crociera<\/b>. Una volta saliti a bordo, troverete tutto ci\u00f2 che potr\u00e0 servirvi per vivere al meglio il tempo che avete scelto di dedicare a voi stessi e al vostro benessere, una <b>nave da crociera <\/b>sapr\u00e0 offrirvi ogni genere di stimolo e di struttura, capace di farvi vivere al meglio il prezioso tempo delle vacanze.<\/p>\n<p>Vivere una <b>crociera <\/b>significa anche viaggiare e scoprire alcune tra le citt\u00e0 pi\u00f9 importanti del <b>Mediterraneo<\/b>, farvi scalo, visitarle e poi riprendere il largo per sperimentare e continuare a vivere, in totale libert\u00e0 tutto quello che la <b>nave <\/b>e la sua organizzazione sapr\u00e0 offrirvi.<\/p>\n<p>Il <b>mar Mediterraneo<\/b> per la forza della sua bellezza e l\u2019importanza della storia di cui \u00e8 stato teatro si merita due parole di approfondimento, giusto per descriverne il fascino.<b> <\/b>Questo grande \u201cMare Nostrum\u201d, che bagna diverse coste ed unisce culture e civilt\u00e0 apparentemente lontane, ma che nella storia e nel susseguirsi dei fatti, si trovano unite da un sottile filo rosso portato \u00a0proprio dalla fratellanza che questo mare, che divide e unisce ha lasciato veicolare attraverso di se.<\/p>\n<p>Viaggiare alla scoperta della forza di coesione della cultura <b>mediterranea, <\/b>proprio da un punto di vista non quotidiano come il mare stesso, \u00e8 un\u2019esperienza interessante per cogliere sotto altra luce le analogie e le differenze della cultura del bacino del <b>Mediterraneo, <\/b>punti in comune che a volte la quotidianit\u00e0 sulla terra ferma non permette di cogliere, anche questo aspetto di scoperta rende veramente interessante il pensare ad una vacanza d\u2019agosto un po\u2019 diversa dal solito, in cui vivere il mare come punto di scoperta, ma anche di relax e confort, fuori dal clamore delle spiagge.<\/p>\n","protected":false},"excerpt":{"rendered":"<p>Perch\u00e9 non vi regalate una vacanza diversa dal solito per il prossimo agosto? Con una crociera nel mediterraneo, potrete godervi a pieno la bellezza di questo mare, unita ai confort delle famose navi da crociera, ed uscire cos\u00ec dalla ressa delle vacanze nel mese di agosto, potrete trovare molte offerte capaci di concretizzare quest\u2019idea, anche <a class=\"moretag\" href=\"https:\/\/crociere.evolutiontravel.it\/infovacanze\/destinazioni\/crociera-mediterraneo-agosto\/\">[&#8230;]<\/a><\/p>\n","protected":false},"author":1,"featured_media":0,"parent":12,"menu_order":0,"comment_status":"closed","ping_status":"open","template":"","meta":{"footnotes":""},"yoast_head":"<!-- This site is optimized with the Yoast SEO plugin v21.9.1 - https:\/\/yoast.com\/wordpress\/plugins\/seo\/ -->\n<title>Crociera mediterraneo agosto<\/title>\n<meta name=\"description\" content=\"Scegliere una vacanza alternativa durante il mese di agosto potrebbe interessarvi? Lasciatevi conquistare dal fascino del Mediterraneo, per\u00f2 visto dal largo delle coste e lontano dalle spiagge affollate. Vi parlo di una crociera indimenticabile in cui la scoperta del Mediterraneo, della sua cultura, e della sua bellezza potr\u00e0 unirsi a tutti i confort che una nave da crociera sa offrire ai suoi viaggiatori.\" \/>\n<meta name=\"robots\" content=\"index, follow, max-snippet:-1, max-image-preview:large, max-video-preview:-1\" \/>\n<link rel=\"canonical\" href=\"https:\/\/crociere.evolutiontravel.it\/infovacanze\/destinazioni\/crociera-mediterraneo-agosto\/\" \/>\n<meta name=\"twitter:label1\" content=\"Tempo di lettura stimato\" \/>\n\t<meta name=\"twitter:data1\" content=\"2 minuti\" \/>\n<script type=\"application\/ld+json\" class=\"yoast-schema-graph\">{\"@context\":\"https:\/\/schema.org\",\"@graph\":[{\"@type\":\"WebPage\",\"@id\":\"https:\/\/crociere.evolutiontravel.it\/infovacanze\/destinazioni\/crociera-mediterraneo-agosto\/\",\"url\":\"https:\/\/crociere.evolutiontravel.it\/infovacanze\/destinazioni\/crociera-mediterraneo-agosto\/\",\"name\":\"Crociera mediterraneo agosto\",\"isPartOf\":{\"@id\":\"https:\/\/crociere.evolutiontravel.it\/infovacanze\/#website\"},\"datePublished\":\"2013-10-28T17:28:04+00:00\",\"dateModified\":\"2014-01-06T14:31:01+00:00\",\"description\":\"Scegliere una vacanza alternativa durante il mese di agosto potrebbe interessarvi? Lasciatevi conquistare dal fascino del Mediterraneo, per\u00f2 visto dal largo delle coste e lontano dalle spiagge affollate. Vi parlo di una crociera indimenticabile in cui la scoperta del Mediterraneo, della sua cultura, e della sua bellezza potr\u00e0 unirsi a tutti i confort che una nave da crociera sa offrire ai suoi viaggiatori.\",\"breadcrumb\":{\"@id\":\"https:\/\/crociere.evolutiontravel.it\/infovacanze\/destinazioni\/crociera-mediterraneo-agosto\/#breadcrumb\"},\"inLanguage\":\"it-IT\",\"potentialAction\":[{\"@type\":\"ReadAction\",\"target\":[\"https:\/\/crociere.evolutiontravel.it\/infovacanze\/destinazioni\/crociera-mediterraneo-agosto\/\"]}]},{\"@type\":\"BreadcrumbList\",\"@id\":\"https:\/\/crociere.evolutiontravel.it\/infovacanze\/destinazioni\/crociera-mediterraneo-agosto\/#breadcrumb\",\"itemListElement\":[{\"@type\":\"ListItem\",\"position\":1,\"name\":\"Destinazioni\",\"item\":\"https:\/\/crociere.evolutiontravel.it\/infovacanze\/destinazioni\/\"},{\"@type\":\"ListItem\",\"position\":2,\"name\":\"Crociera mediterraneo Agosto\"}]},{\"@type\":\"WebSite\",\"@id\":\"https:\/\/crociere.evolutiontravel.it\/infovacanze\/#website\",\"url\":\"https:\/\/crociere.evolutiontravel.it\/infovacanze\/\",\"name\":\"Crociere\",\"description\":\"\",\"potentialAction\":[{\"@type\":\"SearchAction\",\"target\":{\"@type\":\"EntryPoint\",\"urlTemplate\":\"https:\/\/crociere.evolutiontravel.it\/infovacanze\/?s={search_term_string}\"},\"query-input\":\"required name=search_term_string\"}],\"inLanguage\":\"it-IT\"}]}<\/script>\n<!-- \/ Yoast SEO plugin. -->","yoast_head_json":{"title":"Crociera mediterraneo agosto","description":"Scegliere una vacanza alternativa durante il mese di agosto potrebbe interessarvi? Lasciatevi conquistare dal fascino del Mediterraneo, per\u00f2 visto dal largo delle coste e lontano dalle spiagge affollate. Vi parlo di una crociera indimenticabile in cui la scoperta del Mediterraneo, della sua cultura, e della sua bellezza potr\u00e0 unirsi a tutti i confort che una nave da crociera sa offrire ai suoi viaggiatori.","robots":{"index":"index","follow":"follow","max-snippet":"max-snippet:-1","max-image-preview":"max-image-preview:large","max-video-preview":"max-video-preview:-1"},"canonical":"https:\/\/crociere.evolutiontravel.it\/infovacanze\/destinazioni\/crociera-mediterraneo-agosto\/","twitter_misc":{"Tempo di lettura stimato":"2 minuti"},"schema":{"@context":"https:\/\/schema.org","@graph":[{"@type":"WebPage","@id":"https:\/\/crociere.evolutiontravel.it\/infovacanze\/destinazioni\/crociera-mediterraneo-agosto\/","url":"https:\/\/crociere.evolutiontravel.it\/infovacanze\/destinazioni\/crociera-mediterraneo-agosto\/","name":"Crociera mediterraneo agosto","isPartOf":{"@id":"https:\/\/crociere.evolutiontravel.it\/infovacanze\/#website"},"datePublished":"2013-10-28T17:28:04+00:00","dateModified":"2014-01-06T14:31:01+00:00","description":"Scegliere una vacanza alternativa durante il mese di agosto potrebbe interessarvi? Lasciatevi conquistare dal fascino del Mediterraneo, per\u00f2 visto dal largo delle coste e lontano dalle spiagge affollate. Vi parlo di una crociera indimenticabile in cui la scoperta del Mediterraneo, della sua cultura, e della sua bellezza potr\u00e0 unirsi a tutti i confort che una nave da crociera sa offrire ai suoi viaggiatori.","breadcrumb":{"@id":"https:\/\/crociere.evolutiontravel.it\/infovacanze\/destinazioni\/crociera-mediterraneo-agosto\/#breadcrumb"},"inLanguage":"it-IT","potentialAction":[{"@type":"ReadAction","target":["https:\/\/crociere.evolutiontravel.it\/infovacanze\/destinazioni\/crociera-mediterraneo-agosto\/"]}]},{"@type":"BreadcrumbList","@id":"https:\/\/crociere.evolutiontravel.it\/infovacanze\/destinazioni\/crociera-mediterraneo-agosto\/#breadcrumb","itemListElement":[{"@type":"ListItem","position":1,"name":"Destinazioni","item":"https:\/\/crociere.evolutiontravel.it\/infovacanze\/destinazioni\/"},{"@type":"ListItem","position":2,"name":"Crociera mediterraneo Agosto"}]},{"@type":"WebSite","@id":"https:\/\/crociere.evolutiontravel.it\/infovacanze\/#website","url":"https:\/\/crociere.evolutiontravel.it\/infovacanze\/","name":"Crociere","description":"","potentialAction":[{"@type":"SearchAction","target":{"@type":"EntryPoint","urlTemplate":"https:\/\/crociere.evolutiontravel.it\/infovacanze\/?s={search_term_string}"},"query-input":"required name=search_term_string"}],"inLanguage":"it-IT"}]}},"_links":{"self":[{"href":"https:\/\/crociere.evolutiontravel.it\/infovacanze\/wp-json\/wp\/v2\/pages\/393"}],"collection":[{"href":"https:\/\/crociere.evolutiontravel.it\/infovacanze\/wp-json\/wp\/v2\/pages"}],"about":[{"href":"https:\/\/crociere.evolutiontravel.it\/infovacanze\/wp-json\/wp\/v2\/types\/page"}],"author":[{"embeddable":true,"href":"https:\/\/crociere.evolutiontravel.it\/infovacanze\/wp-json\/wp\/v2\/users\/1"}],"replies":[{"embeddable":true,"href":"https:\/\/crociere.evolutiontravel.it\/infovacanze\/wp-json\/wp\/v2\/comments?post=393"}],"version-history":[{"count":2,"href":"https:\/\/crociere.evolutiontravel.it\/infovacanze\/wp-json\/wp\/v2\/pages\/393\/revisions"}],"predecessor-version":[{"id":480,"href":"https:\/\/crociere.evolutiontravel.it\/infovacanze\/wp-json\/wp\/v2\/pages\/393\/revisions\/480"}],"up":[{"embeddable":true,"href":"https:\/\/crociere.evolutiontravel.it\/infovacanze\/wp-json\/wp\/v2\/pages\/12"}],"wp:attachment":[{"href":"https:\/\/crociere.evolutiontravel.it\/infovacanze\/wp-json\/wp\/v2\/media?parent=393"}],"curies":[{"name":"wp","href":"https:\/\/api.w.org\/{rel}","templated":true}]}}